{"id":601,"date":"2016-01-19T10:18:33","date_gmt":"2016-01-19T10:18:33","guid":{"rendered":"http:\/\/demo-import.loc\/?page_id=601"},"modified":"2024-08-31T19:10:31","modified_gmt":"2024-08-31T17:10:31","slug":"references-clients","status":"publish","type":"page","link":"https:\/\/moon-advisory.com\/index.php\/references-clients\/","title":{"rendered":"R\u00e9f\u00e9rences et clients"},"content":{"rendered":"\t\t<div data-elementor-type=\"wp-page\" data-elementor-id=\"601\" class=\"elementor elementor-601\">\n\t\t\t\t\t\t<section class=\"elementor-section elementor-top-section elementor-element elementor-element-030e036 elementor-section-boxed elementor-section-height-default elementor-section-height-default\" data-id=\"030e036\" data-element_type=\"section\" data-settings=\"{&quot;background_background&quot;:&quot;classic&quot;}\">\n\t\t\t\t\t\t<div class=\"elementor-container elementor-column-gap-default\">\n\t\t\t\t\t<div class=\"elementor-column elementor-col-100 elementor-top-column elementor-element elementor-element-f9d4622\" data-id=\"f9d4622\" data-element_type=\"column\">\n\t\t\t<div class=\"elementor-widget-wrap elementor-element-populated\">\n\t\t\t\t\t\t<div class=\"elementor-element elementor-element-0050c37 elementor-widget__width-auto elementor-widget-mobile__width-auto elementor-widget elementor-widget-heading\" data-id=\"0050c37\" data-element_type=\"widget\" data-widget_type=\"heading.default\">\n\t\t\t\t<div class=\"elementor-widget-container\">\n\t\t\t<h2 class=\"elementor-heading-title elementor-size-default\">D\u00e9couvrez comment nous avons aid\u00e9 des \u00e9tablissements comme le v\u00f4tre<\/h2>\t\t<\/div>\n\t\t\t\t<\/div>\n\t\t\t\t<div class=\"elementor-element elementor-element-027eb28 elementor-widget elementor-widget-spacer\" data-id=\"027eb28\" data-element_type=\"widget\" data-widget_type=\"spacer.default\">\n\t\t\t\t<div class=\"elementor-widget-container\">\n\t\t\t\t\t<div class=\"elementor-spacer\">\n\t\t\t<div class=\"elementor-spacer-inner\"><\/div>\n\t\t<\/div>\n\t\t\t\t<\/div>\n\t\t\t\t<\/div>\n\t\t\t\t<div class=\"elementor-element elementor-element-d905d64 elementor-widget elementor-widget-stm_works\" data-id=\"d905d64\" data-element_type=\"widget\" data-widget_type=\"stm_works.default\">\n\t\t\t\t<div class=\"elementor-widget-container\">\n\t\t\t\n\n    <div id=\"stm_works_69e166a87f0f1\" class=\"stm_works_wr consulting_elementor_works cols_3 grid style_1\">\n\n        <div class=\"stm_works clearfix\">\n                                            <div class=\"item\">\n                    <div class=\"item_wr\">\n                        <img src='https:\/\/moon-advisory.com\/wp-content\/uploads\/2024\/07\/portfolio-2-1.jpg' alt='' \/>\n                                                    <div class=\"title\">Transition IBOR<\/div>\n                                                        <a class=\"link\" href=\"https:\/\/moon-advisory.com\/index.php\/works\/transition-ibor\/\"><\/a>\n                                            <\/div>\n                <\/div>\n                                            <div class=\"item\">\n                    <div class=\"item_wr\">\n                        <img src='https:\/\/moon-advisory.com\/wp-content\/uploads\/2024\/07\/portfolio-3-1.jpg' alt='' \/>\n                                                    <div class=\"title\">Conduite de changement<\/div>\n                                                        <a class=\"link\" href=\"https:\/\/moon-advisory.com\/index.php\/works\/conduite-changement\/\"><\/a>\n                                            <\/div>\n                <\/div>\n                    <\/div>\n\n        <script type=\"text\/javascript\">\n            jQuery(document).ready(function ($) {\n                var $container = $(\"#stm_works_69e166a87f0f1 .stm_works\");\n                var originLeft = true;\n                if ($('body').hasClass('rtl')) {\n                    originLeft = false;\n                }\n                $container.isotope({\n                    layoutMode: 'fitRows',\n                    itemSelector: '.item',\n                    transitionDuration: '0.7s',\n                    isOriginLeft: originLeft,\n                                    });\n                $container.imagesLoaded().progress(function () {\n                    $container.isotope('layout');\n                });\n                $container.isotope('layout');\n                $('#stm_works_69e166a87f0f1 .works_filter a').on('click', function () {\n                    var i = 0;\n                    if (!$(this).hasClass(\"stm_works_grid_switcher\")) {\n\n                        $(this).closest('ul').find('li.active').removeClass('active');\n                        $(this).parent().addClass('active');\n                        var sort = $(this).attr('href');\n                        sort = sort.substring(1);\n                                                $container.isotope({\n                            filter: '.' + sort\n                        });\n                                                return false;\n                    }\n                });\n                $(document).on('click', '.stm_works_grid_switcher', function () {\n                    $(this).toggleClass('active');\n                    var $container_wrapper = $(this).closest('.stm_works_wr');\n                    if ($('body').hasClass('boxed_layout')) {\n                        $container_wrapper.toggleClass('wide');\n                    } else {\n                        $container_wrapper.toggleClass('wide container');\n                    }\n                    \/\/$container_wrapper.find('.stm_works_grid_switcher').closest('.works_filter').toggleClass('container');\n                    $container.isotope('layout');\n                    $container.closest('.stm_works').animate({'height': $container.height() + $('#stm_works_stm_works_69e166a87f0f1 .stm_works').height()}, 300);\n                    return false;\n                });\n                $('#stm_works_69e166a87f0f1 .item .category a').on('click', function () {\n                    if (!$(this).hasClass(\"stm_works_grid_switcher\")) {\n                        var sort = $(this).attr('href');\n                        sort = sort.substring(1);\n                        $('#stm_works_69e166a87f0f1 .works_filter li.active').removeClass('active');\n                        $('#stm_works_69e166a87f0f1 .works_filter li a[href=\"#' + sort + '\"]').closest('li').addClass('active');\n                        $container.isotope({\n                            filter: '.' + sort\n                        });\n                        return false;\n                    }\n                });\n            });\n        <\/script>\n            <\/div>\n\n\n\t\t<\/div>\n\t\t\t\t<\/div>\n\t\t\t\t\t<\/div>\n\t\t<\/div>\n\t\t\t\t\t<\/div>\n\t\t<\/section>\n\t\t\t\t<section class=\"elementor-section elementor-top-section elementor-element elementor-element-32b3a07 elementor-section-boxed elementor-section-height-default elementor-section-height-default\" data-id=\"32b3a07\" data-element_type=\"section\" data-settings=\"{&quot;animation_tablet&quot;:&quot;none&quot;}\">\n\t\t\t\t\t\t<div class=\"elementor-container elementor-column-gap-default\">\n\t\t\t\t\t<div class=\"elementor-column elementor-col-100 elementor-top-column elementor-element elementor-element-f83945e\" data-id=\"f83945e\" data-element_type=\"column\" data-settings=\"{&quot;animation_tablet&quot;:&quot;none&quot;}\">\n\t\t\t<div class=\"elementor-widget-wrap elementor-element-populated\">\n\t\t\t\t\t\t<section class=\"elementor-section elementor-inner-section elementor-element elementor-element-2f045bc elementor-section-boxed elementor-section-height-default elementor-section-height-default elementor-invisible\" data-id=\"2f045bc\" data-element_type=\"section\" data-settings=\"{&quot;animation&quot;:&quot;fadeIn&quot;}\">\n\t\t\t\t\t\t<div class=\"elementor-container elementor-column-gap-default\">\n\t\t\t\t\t<div class=\"elementor-column elementor-col-100 elementor-inner-column elementor-element elementor-element-7f01d55\" data-id=\"7f01d55\" data-element_type=\"column\" data-settings=\"{&quot;animation_tablet&quot;:&quot;none&quot;}\">\n\t\t\t<div class=\"elementor-widget-wrap elementor-element-populated\">\n\t\t\t\t\t\t<div class=\"elementor-element elementor-element-68b1067 elementor-widget__width-auto elementor-view-default elementor-widget elementor-widget-icon\" data-id=\"68b1067\" data-element_type=\"widget\" data-widget_type=\"icon.default\">\n\t\t\t\t<div class=\"elementor-widget-container\">\n\t\t\t\t\t<div class=\"elementor-icon-wrapper\">\n\t\t\t<div class=\"elementor-icon\">\n\t\t\t<i aria-hidden=\"true\" class=\" stm-atlanta-heading-left-shape\"><\/i>\t\t\t<\/div>\n\t\t<\/div>\n\t\t\t\t<\/div>\n\t\t\t\t<\/div>\n\t\t\t\t<div class=\"elementor-element elementor-element-649880e elementor-widget__width-auto elementor-widget-mobile__width-auto elementor-widget elementor-widget-heading\" data-id=\"649880e\" data-element_type=\"widget\" data-widget_type=\"heading.default\">\n\t\t\t\t<div class=\"elementor-widget-container\">\n\t\t\t<h2 class=\"elementor-heading-title elementor-size-default\">Ils nous ont fait confiance<\/h2>\t\t<\/div>\n\t\t\t\t<\/div>\n\t\t\t\t<div class=\"elementor-element elementor-element-6ddfcec elementor-widget__width-auto elementor-view-default elementor-widget elementor-widget-icon\" data-id=\"6ddfcec\" data-element_type=\"widget\" data-widget_type=\"icon.default\">\n\t\t\t\t<div class=\"elementor-widget-container\">\n\t\t\t\t\t<div class=\"elementor-icon-wrapper\">\n\t\t\t<div class=\"elementor-icon\">\n\t\t\t<i aria-hidden=\"true\" class=\" stm-atlanta-heading-right-shape\"><\/i>\t\t\t<\/div>\n\t\t<\/div>\n\t\t\t\t<\/div>\n\t\t\t\t<\/div>\n\t\t\t\t\t<\/div>\n\t\t<\/div>\n\t\t\t\t\t<\/div>\n\t\t<\/section>\n\t\t\t\t<section class=\"elementor-section elementor-inner-section elementor-element elementor-element-2805024 elementor-section-height-min-height elementor-section-boxed elementor-section-height-default\" data-id=\"2805024\" data-element_type=\"section\">\n\t\t\t\t\t\t<div class=\"elementor-container elementor-column-gap-default\">\n\t\t\t\t\t<div class=\"elementor-column elementor-col-50 elementor-inner-column elementor-element elementor-element-d25ed12 animated-fast elementor-invisible\" data-id=\"d25ed12\" data-element_type=\"column\" data-settings=\"{&quot;animation&quot;:&quot;fadeInUp&quot;,&quot;animation_tablet&quot;:&quot;none&quot;}\">\n\t\t\t<div class=\"elementor-widget-wrap elementor-element-populated\">\n\t\t\t\t\t\t<div class=\"elementor-element elementor-element-803f1ef elementor-widget elementor-widget-image\" data-id=\"803f1ef\" data-element_type=\"widget\" data-widget_type=\"image.default\">\n\t\t\t\t<div class=\"elementor-widget-container\">\n\t\t\t\t\t\t\t\t\t\t\t\t\t<img decoding=\"async\" src=\"https:\/\/logos-download.com\/wp-content\/uploads\/2016\/06\/Natixis_logo.png\" title=\"\" alt=\"Natixis\" loading=\"lazy\" \/>\t\t\t\t\t\t\t\t\t\t\t\t\t<\/div>\n\t\t\t\t<\/div>\n\t\t\t\t\t<\/div>\n\t\t<\/div>\n\t\t\t\t<div class=\"elementor-column elementor-col-50 elementor-inner-column elementor-element elementor-element-5b8db81 animated-fast elementor-invisible\" data-id=\"5b8db81\" data-element_type=\"column\" data-settings=\"{&quot;animation&quot;:&quot;fadeInUp&quot;,&quot;animation_delay&quot;:200,&quot;animation_tablet&quot;:&quot;none&quot;}\">\n\t\t\t<div class=\"elementor-widget-wrap elementor-element-populated\">\n\t\t\t\t\t\t<div class=\"elementor-element elementor-element-f050185 elementor-widget elementor-widget-image\" data-id=\"f050185\" data-element_type=\"widget\" data-widget_type=\"image.default\">\n\t\t\t\t<div class=\"elementor-widget-container\">\n\t\t\t\t\t\t\t\t\t\t\t\t\t<img decoding=\"async\" src=\"https:\/\/www.budgetbanque.fr\/data\/wp-content\/uploads\/2020\/05\/BPCE.png\" title=\"\" alt=\"Groupe BPCE\" loading=\"lazy\" \/>\t\t\t\t\t\t\t\t\t\t\t\t\t<\/div>\n\t\t\t\t<\/div>\n\t\t\t\t\t<\/div>\n\t\t<\/div>\n\t\t\t\t\t<\/div>\n\t\t<\/section>\n\t\t\t\t<div class=\"elementor-element elementor-element-e8795e8 elementor-widget-divider--view-line elementor-invisible elementor-widget elementor-widget-divider\" data-id=\"e8795e8\" data-element_type=\"widget\" data-settings=\"{&quot;_animation&quot;:&quot;fadeIn&quot;,&quot;_animation_delay&quot;:700}\" data-widget_type=\"divider.default\">\n\t\t\t\t<div class=\"elementor-widget-container\">\n\t\t\t\t\t<div class=\"elementor-divider\">\n\t\t\t<span class=\"elementor-divider-separator\">\n\t\t\t\t\t\t<\/span>\n\t\t<\/div>\n\t\t\t\t<\/div>\n\t\t\t\t<\/div>\n\t\t\t\t\t<\/div>\n\t\t<\/div>\n\t\t\t\t\t<\/div>\n\t\t<\/section>\n\t\t\t\t<section class=\"elementor-section elementor-top-section elementor-element elementor-element-f8446c1 third_bg_color elementor-section-stretched elementor-section-boxed elementor-section-height-default elementor-section-height-default\" data-id=\"f8446c1\" data-element_type=\"section\" data-settings=\"{&quot;background_background&quot;:&quot;classic&quot;,&quot;stretch_section&quot;:&quot;section-stretched&quot;}\">\n\t\t\t\t\t\t<div class=\"elementor-container elementor-column-gap-default\">\n\t\t\t\t\t<div class=\"elementor-column elementor-col-100 elementor-top-column elementor-element elementor-element-21a5c2c\" data-id=\"21a5c2c\" data-element_type=\"column\">\n\t\t\t<div class=\"elementor-widget-wrap elementor-element-populated\">\n\t\t\t\t\t\t<div class=\"elementor-element elementor-element-3e2eb9c elementor-widget elementor-widget-vc_cta\" data-id=\"3e2eb9c\" data-element_type=\"widget\" data-widget_type=\"vc_cta.default\">\n\t\t\t\t<div class=\"elementor-widget-container\">\n\t\t\t\n<div class=\"ce_cta ce_cta_fd988066f6abfb5ae3bea4a8b6789762 ce_text_left third_bg_color add_button_right btn_align_right btn_button_block_true btn_has_icon btn_has_icon_on_the_right\" id=\"\">\n\t<div class=\"ce_cta__content\">\n\t\t<div class=\"ce_cta__content__header\">\n\t\t\t<h2  class='ce_cta__content__title '>Vous recherchez un consultant qualifi\u00e9 en gestion des risques ?<\/h2>\t\t<\/div>\n\t\t\t<\/div>\n\n\t\t<div class=\"ce_cta__action\">\n\t\t<a\n\t\t\thref=\"\/contact-us\/\"\n\t\t\t\t\t\ttarget=\"_self\"\n\t\t\tclass=\"button\n\t\t\t\t\t\">\n\t\t\t<span>Contactez nous<\/span>\n\t\t\t\t\t\t<i class=\" stm-right-arrow\"><\/i>\n\t\t\t\t\t<\/a>\n\t<\/div>\n\t<\/div>\n\t\t<\/div>\n\t\t\t\t<\/div>\n\t\t\t\t\t<\/div>\n\t\t<\/div>\n\t\t\t\t\t<\/div>\n\t\t<\/section>\n\t\t\t\t<\/div>\n\t\t","protected":false},"excerpt":{"rendered":"<p>D\u00e9couvrez comment nous avons aid\u00e9 des \u00e9tablissements comme le v\u00f4tre Transition IBOR Conduite de changement Ils nous ont fait confiance Vous recherchez un consultant qualifi\u00e9 en gestion des risques ? Contactez nous<\/p>\n","protected":false},"author":1,"featured_media":0,"parent":0,"menu_order":0,"comment_status":"closed","ping_status":"closed","template":"","meta":{"footnotes":""},"class_list":["post-601","page","type-page","status-publish","hentry"],"rttpg_featured_image_url":null,"rttpg_author":{"display_name":"Mourad","author_link":"https:\/\/moon-advisory.com\/index.php\/author\/admin3675\/"},"rttpg_comment":0,"rttpg_category":null,"rttpg_excerpt":"D\u00e9couvrez comment nous avons aid\u00e9 des \u00e9tablissements comme le v\u00f4tre Transition IBOR Conduite de changement Ils nous ont fait confiance Vous recherchez un consultant qualifi\u00e9 en gestion des risques ? Contactez nous","_links":{"self":[{"href":"https:\/\/moon-advisory.com\/index.php\/wp-json\/wp\/v2\/pages\/601","targetHints":{"allow":["GET"]}}],"collection":[{"href":"https:\/\/moon-advisory.com\/index.php\/wp-json\/wp\/v2\/pages"}],"about":[{"href":"https:\/\/moon-advisory.com\/index.php\/wp-json\/wp\/v2\/types\/page"}],"author":[{"embeddable":true,"href":"https:\/\/moon-advisory.com\/index.php\/wp-json\/wp\/v2\/users\/1"}],"replies":[{"embeddable":true,"href":"https:\/\/moon-advisory.com\/index.php\/wp-json\/wp\/v2\/comments?post=601"}],"version-history":[{"count":15,"href":"https:\/\/moon-advisory.com\/index.php\/wp-json\/wp\/v2\/pages\/601\/revisions"}],"predecessor-version":[{"id":16046,"href":"https:\/\/moon-advisory.com\/index.php\/wp-json\/wp\/v2\/pages\/601\/revisions\/16046"}],"wp:attachment":[{"href":"https:\/\/moon-advisory.com\/index.php\/wp-json\/wp\/v2\/media?parent=601"}],"curies":[{"name":"wp","href":"https:\/\/api.w.org\/{rel}","templated":true}]}}